ulate l(2).
-21
Let x(l) = 28*l + 2957. Determine x(-82).
661
Let x(w) = w**2 - 14608*w - 160868. Determine x(-11).
-59
Let w(b) = 2*b**3 + 58*b**2 + 18*b + 4447. Determine w(-31).
45
Let u(b) = 50*b**2 + 1280*b + 10. What is u(-26)?
530
Let v(r) = r**2 - 170*r - 13531. Calculate v(230).
269
Let y(o) = 6123*o - 55919. What is y(9)?
-812
Let x(w) = 2*w**3 - 250*w**2 + 6387*w + 1901. Determine x(89).
32
Let n(f) = -f**2 + 118*f + 2919. What is n(-21)?
0
Let l(r) = -3417*r + 451041. Give l(132).
-3
Let g(w) = -7*w**3 + 197*w**2 + 1117*w + 190. What is g(33)?
25
Let w(f) = -f**3 - 241*f**2 - 1059*f + 593. Calculate w(-5).
-12
Let o(i) = i**2 + 654*i - 113094. Calculate o(142).
-62
Let h(k) = -36*k**2 - 159*k + 924. Calculate h(5).
-771
Let q(t) = -t**3 - 16*t**2 + 263*t - 1644. Determine q(8).
-1076
Let k(q) = 826*q - 2506. Calculate k(3).
-28
Let q(z) = 102350*z + 102352. Give q(-1).
2
Let q(l) = -2528*l - 4229336. Give q(-1673).
8
Let f(s) = 10*s**2 - 1666*s + 4297. Calculate f(164).
33
Let b(i) = i**3 + 131*i**2 + 20*i - 960. Give b(-131).
-3580
Let f(v) = v**2 + 203*v + 9649. Determine f(-127).
-3
Let q(h) = -h**2 - 9389*h - 178063. Calculate q(-19).
-33
Let b(w) = w**3 + 51*w**2 + 413*w + 6. What is b(-41)?
-117
Let o(f) = -5*f**3 + 14*f**2 + 28*f - 210. Determine o(11).
-4863
Let k(u) = -2*u**2 - 413*u + 151136. Give k(190).
466
Let b(x) = -3*x**3 - 47*x**2 - 91*x - 1020. Determine b(-15).
-105
Let p(o) = -2*o**3 - 11*o**2 + 784*o + 1114. Determine p(18).
-2
Let d(h) = -h**3 + 96*h**2 - 205*h + 204. Determine d(94).
-1394
Let y(t) = 367*t - 100509. Determine y(274).
49
Let f(n) = -35*n**2 + 530*n - 118. Give f(15).
-43
Let c(b) = -112*b**2 - 199*b - 43. Give c(5).
-3838
Let y(p) = 605*p + 9021. What is y(-15)?
-54
Let p(t) = 4*t**3 + 64*t**2 + 211*t + 76. Determine p(-3).
-89
Let t(l) = -4794*l + 114989. What is t(24)?
-67
Let v(x) = -253*x**2 + 446*x + 124. What is v(2)?
4
Let o(p) = -1403*p**2 + 7055*p - 197. Determine o(5).
3
Let w(y) = y**3 - 42*y**2 + 481*y - 15910. What is w(40)?
130
Let z(x) = 6027*x - 36314. Give z(6).
-152
Let k(p) = p**2 - 16*p - 143. Calculate k(4).
-191
Let f(d) = -3426*d + 1096315. Calculate f(320).
-5
Let p(o) = 12*o**2 + 2848*o + 14274. What is p(-5)?
334
Let k(n) = 137*n - 1915. What is k(13)?
-134
Let f(w) = -5*w**2 - 187*w + 1863. Calculate f(9).
-225
Let f(y) = 5924*y - 162280. What is f(27)?
-2332
Let w(f) = f**2 + 384786*f - 118. Determine w(0).
-118
Let j(t) = -206374*t + 5365729. Give j(26).
5
Let m(v) = 1070*v + 472. What is m(-2)?
-1668
Let q(s) = 239*s - 338. What is q(1)?
-99
Let n(u) = -2*u**2 + 215*u + 10640. Give n(-46).
-3482
Let q(g) = -8*g**2 + 1368*g - 1693. Give q(170).
-333
Let v(h) = -h**3 + 24*h**2 - 66*h - 20. Calculate v(3).
-29
Let f(z) = 44*z**2 + 20*z - 13. Calculate f(4).
771
Let i(n) = 10*n**2 - 1066*n - 1666. What is i(108)?
-154
Let c(o) = -o**2 + 7753*o + 108768. What is c(-14)?
30
Let m(s) = 3861*s - 23450. What is m(6)?
-284
Let y(a) = -a**3 + 15*a**2 + 374*a - 5747. Determine y(16).
-19
Let c(s) = 65*s**2 - 6165*s - 333. What is c(95)?
617
Let o(y) = 4*y**3 - 45*y**2 - 436*y + 4496. Give o(13).
11
Let w(i) = -4*i**3 - 26*i**2 + 224*i + 791. Calculate w(-3).
-7
Let d(c) = -c**2 + 167*c - 6877. What is d(96)?
-61
Let v(f) = f**3 - 15*f**2 + 364*f - 2148. Determine v(7).
8
Let y(n) = -n**3 + 161*n**2 - 4210*n + 37. Calculate y(32).
-2587
Let l(h) = 79*h**2 - 274*h - 3. Give l(2).
-235
Let r(v) = 8*v**3 + 7*v**2 - 78*v + 229. Give r(4).
541
Let l(a) = -15*a**3 - 1164*a**2 + 39241*a - 208. What is l(-103)?
-2
Let g(q) = q**2 + 224*q - 7748. What is g(-254)?
-128
Let q(f) = f**2 - 432*f - 58923. Give q(541).
46
Let s(n) = n**2 - 303*n + 22021. Calculate s(118).
191
Let z(f) = 30464*f - 2833132. Give z(93).
20
Let l(k) = 42*k**3 - 505*k**2 - 13*k + 10. Give l(12).
-290
Let l(v) = -38935*v - 311802. Give l(-8).
-322
Let q(s) = -115*s + 1626. Calculate q(11).
361
Let k(y) = -8189*y - 16531. What is k(-2)?
-153
Let m(r) = r**3 - 97*r**2 + 1011*r + 66. Calculate m(12).
-42
Let l(v) = 51445*v - 257182. Calculate l(5).
43
Let v(o) = -2375*o + 11670. Give v(5).
-205
Let l(z) = -7*z**2 + 31*z - 235. Give l(-13).
-1821
Let f(u) = 16*u**2 - 300*u - 2463. Give f(25).
37
Let c(r) = -3981*r + 1039057. Give c(261).
16
Let i(k) = -k**3 - 109*k**2 - 158*k - 5405. What is i(-108)?
-5
Let o(c) = 192*c - 16402. Determine o(86).
110
Let l(r) = 232*r**3 + 62180*r**2 + 1072*r - 21. Give l(-268).
-21
Let o(u) = 3*u**3 + 472*u**2 - 800*u - 290. Determine o(-159).
505
Let m(d) = d**2 - 33*d + 89. Calculate m(25).
-111
Let n(t) = t**3 - 99*t**2 - 61*t - 4516. Determine n(100).
-616
Let n(o) = -97*o**3 + 27151*o**2 + 2517*o + 830. Give n(280).
-10
Let x(h) = h**3 + 174*h**2 + 2407*h - 118. What is x(-15)?
-448
Let i(z) = -7*z**2 - 1534*z + 1188. Give i(-226).
-9660
Let d(u) = -u**3 - 91*u**2 - 150*u - 13788. Calculate d(-91).
-138
Let g(w) = -35*w**3 + 6*w**2 + 19*w + 74. Give g(-3).
1016
Let y(n) = 4*n**3 + 8*n**2 + 7*n - 538. What is y(0)?
-538
Let d(k) = -43006*k + 602037. Give d(14).
-47
Let m(k) = 27*k**2 + 477*k + 2099. Determine m(-7).
83
Let s(z) = -247*z - 2156. Give s(-8).
-180
Let j(t) = -1242*t - 12576. Calculate j(-10).
-156
Let j(o) = -404*o**2 + 641*o - 15. Determine j(0).
-15
Let q(l) = 15*l**3 + 1919*l**2 - 183*l - 7047. What is q(-128)?
-7
Let i(w) = -11*w**2 - 5625*w - 118419. Calculate i(-22).
7
Let k(v) = -161*v**3 - 1291*v**2 + 30*v + 430. Determine k(-8).
-2
Let x(v) = -343*v + 17274. Determine x(49).
467
Let v(x) = 89042*x - 712425. What is v(8)?
-89
Let r(o) = -5*o**3 - 456*o**2 - 50*o + 3766. Calculate r(-91).
35
Let j(m) = -2*m**3 - 13*m**2 + 19*m + 195. Give j(-6).
45
Let f(l) = -11*l**2 + 100*l - 519. Calculate f(12).
-903
Let o(m) = m**3 + 23*m**2 - 273*m - 90. Give o(-30).
1800
Let h(l) = 3363*l + 36989. What is h(-11)?
-4
Let c(f) = -f**3 - 5*f**2 - 11*f - 156. What is c(-5)?
-101
Let g(o) = 363*o + 41764. Determine g(-113).
745
Let u(w) = -5*w**3 - 305*w**2 - 1163*w - 1260. Determine u(-57).
51
Let a(n) = 3*n**2 + 16274*n + 48792. Give a(-3).
-3
Let j(o) = -445095*o - 2225478. Calculate j(-5).
-3
Let l(p) = -15061*p - 44825. Calculate l(-3).
358
Let w(h) = h**3 - 13*h**2 - 269*h + 1795. What is w(7)?
-382
Let c(d) = 7*d**2 + 2650*d - 34032. What is c(-391)?
-15
Let b(z) = -11*z**2 + 833*z - 2497. What is b(3)?
-97
Let j(o) = 164*o**2 + 13468*o + 1635. Calculate j(-82).
-5
Let m(f) = -798*f - 9488. What is m(-13)?
886
Let n(f) = 5026*f + 146875. Calculate n(-29).
1121
Let f(d) = -6*d**3 + d**2 + 150*d + 3. Determine f(0).
3
Let m(g) = -24669*g - 123314. Give m(-5).
31
Let h(w) = 299*w**2 - 9904*w + 89. What is h(33)?
-1132
Let p(d) = 81*d - 10890. Determine p(127).
-603
Let v(w) = -539*w**2 - 137*w + 146. Determine v(1).
-530
Let v(x) = 96574*x - 578591. Calculate v(6).
853
Let x(n) = 46*n**2 - 278*n + 1. Give x(1).
-231
Let y(m) = -m**3 - 432*m**2 - 11698*m - 319. What is y(-29)?
0
Let j(r) = 100*r**2 - 413*r + 135. Calculate j(5).
570
Let g(d) = 244*d**2 + 3662*d + 21. Give g(-15).
-9
Let l(t) = -2*t**2 - 1239*t - 127466. What is l(-130)?
-196
Let y(i) = -1151*i + 867851. Calculate y(754).
-3
Let i(r) = 512*r + 237366. What is i(-463)?
310
Let q(j) = -3*j**3 - 44*j**2 + 16*j + 130. What is q(-11)?
-1377
Let n(z) = 2*z**3 - 8184*z**2 - 90285*z + 22. Determine n(-11).
231
Let b(p) = -621*p + 37872. Determine b(61).
-9
Let a(p) = -p**3 + 102*p**2 - 1941*p + 1063. What is a(77)?
-169
Let f(b) = -2*b**3 + 48*b**2 + 5478*b - 139718. What is f(26)?
6
Let b(l) = 2*l**2 - 39*l + 44. Give b(21).
107
Let v(j) = 345*j**2 - 51*j - 53. Calculate v(-1).
343
Let c(g) = -337220*g + 15174915. Give c(45).
15
Let l(v) = -v**3 + 24*v**2 + 144*v - 4273. Calculate l(20).
207
Let z(m) = -510*m**3 + 2537*m**2 - 2541*m + 3. What is z(1)?
-511
Let v(s) = -s**2 + 5359*s + 134744. Give v(-25).
144
Let j(r) = 10*r**3 + 173*r**2 - 16*r + 74. Give j(-17).
1213
Let o(w) = w**3 + 106*w**2 - 14644*w - 5375. What is o(-185)?
-10
Let r(t) = 7973*t - 39477. Determine r(5).
388
Let c(y) = 2*y**3 + 34*y**2 + 134*y - 3. Give c(-11).
-25
Let i(g) = -g**3 - 38*g**2 + 577*g - 1376. Give i(3).
-14
Let w(b) = 3*b**2 + 157*b + 1117. Calculate w(-43).
-87
Let f(t) = 4037*t - 24202. Determine f(6).
20
Let i(z) = -3*z*